ue
Is 352093453 a prime number?
False
Is 1950087307 a prime number?
False
Is 797648351 prime?
True
Is 4558151467 prime?
False
Is 24569557 a composite number?
True
Is 34219374571 a composite number?
False
Is 1109263357 a prime number?
True
Is 133092267331 composite?
True
Is 82576617973 a prime number?
False
Is 700466311 a prime number?
False
Is 3228836371 prime?
False
Is 16630178423 composite?
False
Is 1504346891 a prime number?
True
Is 265567567 a prime number?
True
Is 54681859 a prime number?
True
Is 36754715501 a prime number?
False
Is 19447092001 a composite number?
False
Is 8200088251 a composite number?
True
Is 1525775821 prime?
True
Is 3884500487 prime?
False
Is 29764454133 a prime number?
False
Is 28307763169 prime?
False
Is 8409539937 prime?
False
Is 9758024849 a prime number?
True
Is 4849374143 prime?
False
Is 87611963 composite?
True
Is 87962217801 a prime number?
False
Is 80792951 composite?
True
Is 16215659597 composite?
False
Is 586971191 a prime number?
False
Is 371928889 composite?
True
Is 420381127 a prime number?
True
Is 7980413593 composite?
False
Is 15112811837 prime?
True
Is 9803141151 a prime number?
False
Is 2105842009 prime?
True
Is 17976977 prime?
False
Is 8775574079 a prime number?
False
Is 222031585 a composite number?
True
Is 33790140919 a prime number?
True
Is 6179057251 composite?
False
Is 11616769691 composite?
False
Is 14012438861 prime?
True
Is 25392515741 composite?
True
Is 215378600179 a composite number?
False
Is 742673413 prime?
True
Is 4236386335 composite?
True
Is 17889865537 composite?
False
Is 4163566291 a prime number?
True
Is 3565668287 a composite number?
False
Is 1698545237 a prime number?
False
Is 31712761817 a prime number?
False
Is 5004048823 prime?
False
Is 22130317219 a composite number?
False
Is 80236070503 composite?
False
Is 6419367551 a prime number?
False
Is 697203257 a prime number?
True
Is 3443591029 a prime number?
True
Is 45646084607 a composite number?
False
Is 26774607479 a prime number?
True
Is 1742730767 a composite number?
True
Is 3244342177 a prime number?
False
Is 4980304117 a prime number?
True
Is 42873140713 prime?
False
Is 220165026478 a composite number?
True
Is 1337283581 composite?
False
Is 528293243 a composite number?
True
Is 302691709 composite?
True
Is 49556113 a composite number?
True
Is 96257780327 prime?
False
Is 66168163261 composite?
True
Is 304238609 composite?
True
Is 18118508477 composite?
False
Is 59179688299 composite?
False
Is 694053739 a prime number?
True
Is 10840496713 composite?
False
Is 6645245809 composite?
False
Is 16224909641 a prime number?
False
Is 7907433343 prime?
False
Is 363829212889 prime?
True
Is 4144095257 a composite number?
False
Is 234087067 composite?
False
Is 546780049 composite?
False
Is 1655961731 prime?
True
Is 149039669 a composite number?
False
Is 2156937099 composite?
True
Is 1651950929 a composite number?
False
Is 930528293 a prime number?
True
Is 2227914061 a composite number?
False
Is 3091449227 composite?
True
Is 6531848933 a prime number?
False
Is 27762959359 a composite number?
True
Is 7435958371 a prime number?
False
Is 3229382743 a composite number?
False
Is 29373679099 composite?
False
Is 581396741 a composite number?
False
Is 868407857 composite?
True
Is 14288720521 a prime number?
True
Is 1953648053 prime?
False
Is 113848243 composite?
True
Is 20782732807 a prime number?
True
Is 24120547007 a composite number?
False
Is 21836965957 prime?
True
Is 2350127743 composite?
False
Is 107185484279 a composite number?
True
Is 12168299503 a composite number?
False
Is 2956942327 a composite number?
True
Is 317381 a composite number?
True
Is 12468615837 a prime number?
False
Is 76743980161 a prime number?
False
Is 438732221 composite?
True
Is 20051238731 composite?
False
Is 10133133053 a prime number?
False
Is 16242960707 composite?
False
Is 67059241 a prime number?
False
Is 5094334133 composite?
True
Is 1472156057 prime?
False
Is 75614480479 a prime number?
True
Is 2491037579 a prime number?
False
Is 219637969 prime?
False
Is 832510187 composite?
False
Is 1792173241 a prime number?
True
Is 729756299 composite?
False
Is 237670289 prime?
True
Is 110656196753 prime?
False
Is 316703380519 a composite number?
False
Is 72713385827 composite?
False
Is 192885313 a composite number?
False
Is 53706228859 a prime number?
True
Is 41970752053 prime?
False
Is 3569708377 a prime number?
False
Is 62302975723 a prime number?
False
Is 4230061837 a composite number?
True
Is 32904107023 a composite number?
True
Is 93118381 a prime number?
False
Is 41561862229 composite?
False
Is 40947700579 prime?
True
Is 243354866 prime?
False
Is 3140540369 a composite number?
False
Is 273897133 prime?
False
Is 2316944459 a prime number?
True
Is 418518119 a prime number?
False
Is 1648162169 prime?
False
Is 107382256427 composite?
True
Is 100332754271 prime?
True
Is 2056674611 a prime number?
True
Is 1230861941 a composite number?
False
Is 92337966329 composite?
True
Is 950967713 composite?
True
Is 45888880373 prime?
False
Is 2032421255 prime?
False
Is 43647333127 a prime number?
False
Is 483486229 a composite number?
True
Is 22368086071 prime?
True
Is 131598067 a prime number?
False
Is 338498971 a composite number?
True
Is 66811731739 a prime number?
False
Is 180783373 prime?
True
Is 490956133 prime?
True
Is 1717651843 composite?
True
Is 220607140327 composite?
True
Is 45511213751 prime?
True
Is 80712782539 composite?
False
Is 188923439 prime?
False
Is 731008357 a prime number?
True
Is 608851289 a prime number?
True
Is 969852559 a composite number?
True
Is 26258353435 composite?
True
Is 88635167 composite?
True
Is 12418446577 prime?
False
Is 9990651529 composite?
True
Is 1999666519 composite?
False
Is 51271343977 a composite number?
True
Is 1331096761 a composite number?
False
Is 7439871167 a composite number?
True
Is 1040025263 a prime number?
False
Is 5261080439 a prime number?
False
Is 78574027991 composite?
True
Is 397292882345 a prime number?
False
Is 4919686771 a composite number?
False
Is 9727525601 a composite number?
False
Is 462784921 a composite number?
True
Is 1555105085 prime?
False
Is 51437325535 prime?
False
Is 58548425647 composite?
False
Is 29229194807 composite?
False
Is 23657597 a prime number?
True
Is 9778354799 a composite number?
False
Is 219852623 a prime number?
True
Is 1738524983 a prime number?
False
Is 3247177427 a composite number?
True
Is 40093005569 a composite number?
False
Is 6773429623 composite?
False
Is 20032495729 composite?
True
Is 1781307691 composite?
False
Is 143517767 prime?
False
Is 73913903693 prime?
False
Is 16279973887 a composite number?
False
Is 25006040417 a prime number?
True
Is 79825684157 a composite number?
False
Is 61017811 a composite number?
True
Is 63173086477 a prime number?
True
Is 51195632441 composite?
True
Is 1852113077 a composite number?
False
Is 7351462693 a prime number?
True
Is 6381961069 a composite number?
True
Is 211236031 prime?
True
Is 98674777 prime?
False
Is 1555853489 a composite number?
False
Is 653621077 prime?
True
Is 14723898023 a prime number?
True
Is 1910623061 a composite number?
True
Is 37044825973 a prime number?
False
Is 3214318277 composite?
False
Is 3574413781 a prime number?
True
Is 26147390057 a composite number?
False
Is 826518059 a prime number?
True
Is 273137261 prime?
True
Is 49827980897 a prime number?
True
Is 12332949341 a composite number?
False
Is 873002947 prime?
True
Is 79345899133 a composite number?
True
Is 84551510434 prime?
False
Is 10062854027 composite?
False
Is 745627969 composite?
True
Is 1093385833 prime?
False
Is 3728687 composite?
False
Is 414984727 a composite number?
True
Is 26899483451 prime?
False
Is 3779721679 composite?
True
Is 4452698999 a composite number?
True
Is 3250765979 a prime number?
True
Is 15113004479 a prime number?
True
Is 65404105357 a prime number?
False
Is 57474480127 a composite number?
True
Is 822346433 composite?
False
Is 1011048553 a composite number?
False
Is 46425430721 a prime number?
True
Is 4532757767 a prime number?
False
Is 558307529 a composite number?
True
Is 43522916631 prime?
False
Is 344836459 a prime number?
False
Is 3275555663 a prime number?
False
Is 965162663 composite?
True
Is 11155819331 a prime number?
True
Is 4